pose 3*w = b*h + 4, 0 = -8*w + 3*w - 2*h + 28. Calculate c(w).
3
Let r(x) = -x**2 - 5*x - 3. Suppose 0 = 14*a + 12 + 58. What is r(a)?
-3
Let h(g) = g**3 + 2*g**2 - 4*g. Suppose -t = -5*t + 5*f + 75, -5*t - 5*f = -105. Let b be (6/(-8))/(5/t). What is h(b)?
3
Let g(t) = -2*t**2. Suppose -2*x + 0 = 5*r + 4, 4*r = -x - 5. Let y be r/7 + 528/84. Suppose -3*f = -5*b - 8, y = -3*b + f + 2*f. Determine g(b).
-2
Let j(m) = -1 - 1 + 6 + m. Let k = 430 - 427. Calculate j(k).
7
Let n be 2/(-6) - (4 - (-93)/(-9)). Let r(l) be the third derivative of -l**6/120 + l**5/10 - l**4/24 - 21*l**2. What is r(n)?
-6
Let o(d) = 6*d - 3. Let v be 92/(-22) - (-94)/517. Give o(v).
-27
Let k(t) be the second derivative of -t**4/12 - 4*t**3/3 - 9*t**2/2 - 147*t - 1. Let n = 0 - 6. What is k(n)?
3
Suppose 2*w - 52 = -2*w. Let b(x) = -x**2 + 13*x. Give b(w).
0
Let k(y) = y + 3. Suppose 0 = -5*u - 14 - 11, -l + 2*u + 26 = 0. Suppose 2*x - 5*s - l = -s, 4*s - 20 = -4*x. Give k(x).
9
Let g(k) = 8*k - 2. Let p(n) = 3*n - 1. Let t(l) = -5*g(l) + 14*p(l). Let j be -3 - -10 - (-1 - -5). Give t(j).
2
Let u(i) be the second derivative of -i**5/20 - i**4/12 + i**3/6 + 3*i**2/2 - 48*i. Let m be ((-6)/(-8))/(2/(-8)). Let c = 3 + m. What is u(c)?
3
Let f be ((-21)/(-6))/(-7)*-6. Let b(s) = -f*s + 6 + 3*s + s. What is b(-6)?
0
Let m(z) = z**2 + 4*z. Let p(c) = c**2 + 21*c + 17. Let x be p(-20). Let j(s) = -s**2 - 3*s - 5. Let t be j(x). Determine m(t).
5
Let a(r) be the second derivative of r**4/12 - 7*r**3/6 - 5*r**2 + 8*r. Suppose -5*d + i + i + 48 = 0, -5*i - 4 = 2*d. Determine a(d).
-2
Let g = 13 - 8. Let d(r) = r - 5. Let y(q) = -q + 3. Let f(u) = -4*d(u) - 3*y(u). What is f(g)?
6
Suppose 2*g - 5*g + 18 = 0. Suppose g*u = 3*u - 12. Let c(z) = z + 3. Calculate c(u).
-1
Let o(n) be the first derivative of 1/2*n**2 + 1/3*n**3 + 15*n + 1. Give o(0).
15
Let h(v) be the third derivative of v**5/60 + v**4/6 + v**3 - 114*v**2. What is h(-5)?
11
Let b(l) = -12*l**3 + 2*l**2 - l - 2. Let o(x) = 34*x**2 + 372*x - 23. Let z be o(-11). Determine b(z).
13
Let h = 111 - 78. Let a(i) = -1 + 16*i - h*i + 8*i. Let u = 2 + -3. What is a(u)?
8
Let r(h) be the third derivative of -h**5/60 - h**4/12 - h**3/2 - h**2. Suppose -k - 2*k - 47 = -c, 3*k + 37 = -c. Let v = -17 - k. What is r(v)?
-6
Let z(f) be the first derivative of -3*f**2 + 67. Determine z(-5).
30
Suppose 6 = c + v - 0, -11 = -3*c + 4*v. Let j(n) be the second derivative of 0 + 7/2*n**2 - 1/2*n**3 - 7*n. Calculate j(c).
-8
Let i(h) = h - 2. Let z be i(4). Let v be (0 - -1) + -4 + 5. Let l(m) = -z*m - m + v*m + 2*m - 8. What is l(4)?
-4
Let f(k) = -5*k + 1. Suppose 5*c = 4*o - 12 - 55, -5*c = 5*o + 40. Let z(x) = -25*x + 6. Let b(j) = c*f(j) + 2*z(j). What is b(2)?
11
Suppose a - 3 = h, -11 = -5*a + h + 3*h. Let j(q) = 0*q**3 + 1 + 2*q**2 - 3*q**3 + 0*q**3 + 2*q. Give j(a).
4
Suppose 0 = -3*k + 9, -k + 0 + 24 = -3*p. Let x(b) = -b**3 - 7*b**2 + 2*b + 23. Give x(p).
9
Let f = 2 + -5. Let a = f - -3. Suppose 0*x + 2*x + 12 = a. Let b(p) = p - 3. Determine b(x).
-9
Let s(l) = l**3 + l**2 - l + 1. Let h(u) = -u**3 + 3*u**2 + 2*u - 4. Let r be h(3). Let y = 205 + -202. Suppose y = n + r. Give s(n).
2
Let q(j) = -j**2 - j + 2. Let y = 8 + -6. Suppose -5 = -4*b - r + 7, 3*b - y = r. Determine q(b).
-4
Let d(s) = -s**2 - 5*s + 8. Let o(h) = -h**2 + 7 + 0 + 6*h - 13. Let r be o(4). Let c be r/(4/(-10)) - 1. What is d(c)?
2
Let b(q) = q + 12. Let t(r) = r + 13. Let j(k) = k + 13. Let c(a) = -2*j(a) + 3*t(a). Let z(x) = 5*b(x) - 4*c(x). Suppose 3*h = 2*h - 4. Calculate z(h).
4
Let o be ((-24)/(-12))/(-1 + -1). Let d be (-18 - -2)*(-3)/6. Let n(k) = d + k + 1 - 7. Give n(o).
1
Let y(a) = -a**3 - 2*a**2 + 6*a + 5. Let u(l) = 17*l - 718. Let p be u(42). What is y(p)?
13
Let p(g) = -g - 15. Let c(w) = w + 16. Let k(j) = -6*c(j) - 7*p(j). Let m(o) = o + 1. Let h(s) = k(s) - 2*m(s). Determine h(5).
2
Let x(w) = w**2 - 4*w + 7. Let f(q) = -16*q + 422. Let y be f(26). Calculate x(y).
19
Let t(r) = r - 4. Let u(g) = -3*g**3 - 13*g**2 + g + 17. Let b(x) = 2*x**3 + x**2 - x + 1. Let m(f) = 2*b(f) + u(f). Let s be m(11). Determine t(s).
4
Suppose -s - 4 = -7. Let i(h) = 3 + 4*h**2 - 12*h - s*h**2 + 2 + 6*h. Give i(6).
5
Let m(l) be the third derivative of 0 + 0*l + 5/24*l**4 + 2*l**2 - 1/40*l**5 + 0*l**3 + 1/720*l**6. Let j(b) be the second derivative of m(b). Give j(7).
4
Let z(t) = 0 + 5959*t - 5938*t + 0. What is z(-2)?
-42
Let x(y) = y**2 + 5*y - 18. Let k(p) = p**2 + 5*p - 16. Let q(s) = 5*k(s) - 4*x(s). Let d = -13 - -7. Give q(d).
-2
Let g = -27 - -30. Let c(m) = 2 + m**g - 8 + 9*m**2 - 6*m**2 - 6*m. Calculate c(-4).
2
Let n(t) = t**3 - 7*t**2 - 8*t - 9. Let a = 926 - 918. Calculate n(a).
-9
Suppose 7*o + 866 = 789. Let p(v) = -2*v - 19. Determine p(o).
3
Let k(o) be the third derivative of 1/12*o**4 - 33*o**2 + 0*o + 0 + 2/3*o**3. Calculate k(-3).
-2
Suppose -5*x + 7*p = 4*p + 9, 2*x + 2*p - 6 = 0. Let n(z) = z + 1 - 2 + x + 0. Determine n(6).
5
Suppose -a = -2*m, -3*m = -7*a + 8*a + 20. Let g(l) = l**3 + 9*l**2 + 9*l + 8. What is g(a)?
0
Let k(m) be the second derivative of -m**6/180 - m**3/6 + 4*m. Let h(l) be the second derivative of k(l). Determine h(-2).
-8
Let a(i) = 11*i**3 - 6*i**2 - 17*i + 14. Let t(w) = -4*w**3 + 2*w**2 + 6*w - 5. Suppose -15 = -4*d - 3. Let g(z) = d*a(z) + 8*t(z). What is g(3)?
2
Suppose 8*a + 72 = 2*a. Let v be a/(-20) + 2/5. Let w(b) be the first derivative of b**2/2 + 1. Calculate w(v).
1
Let g(r) = -r**2 - 20*r + 52. Let y be g(-22). Suppose 2*z - y - 18 = -5*o, 4*z + o - 16 = 0. Let j(u) = -u**3 + 3*u**2 - 3*u + 3. Calculate j(z).
-6
Let k(o) = -3*o - 96. Let d be k(-30). Let u(n) = -5*n - 5. What is u(d)?
25
Let i(g) = -4*g - 4. Suppose -17 + 57 = -10*v. Determine i(v).
12
Let f = 363 - 349. Let c(v) = -v**3 + 14*v**2 - v + 14. Determine c(f).
0
Let a(k) = k**2 + 6*k - 4. Let m be a(-3). Let x = m + 15. Suppose 12 = -x*f + 2*h, -2*f - h - 8 = 1. Let c(r) = -3*r - 7. Give c(f).
8
Let f(y) = 12*y + 3 + 7*y**2 - 22*y + 11*y. Let u(c) be the third derivative of -c**5/10 - c**4/24 - c**3/3 + c**2. Let l(i) = -3*f(i) - 4*u(i). Calculate l(2).
13
Let c = 53 - 41. Let b(w) = -c*w - 10 - 11*w + 35*w - 11*w. Determine b(10).
0
Let t = -41 - -51. Let l(v) = -7 + 4 + t + v + 7. Calculate l(-6).
8
Let o(w) = 244 + 18*w + 260 - 483 - w**2. Give o(19).
2
Suppose -5*d + 57 = 3*z, -18 = -3*z + d + 21. Let f(v) be the third derivative of -v**6/120 + 13*v**5/60 + 7*v**4/12 + v**3/3 - 17*v**2. Give f(z).
2
Let l = -252 + 255. Let u(x) be the second derivative of 3/2*x**3 + 4*x + 1/12*x**4 + 0 + l*x**2. Determine u(-4).
-14
Let q(k) = -k**3 + 4*k**2 - 2*k + 2. Let v(b) = -b**2 + 6*b - 13. Let i(r) = -r**2 + 6*r - 12. Let p(d) = -5*i(d) + 4*v(d). Let y be p(5). Determine q(y).
5
Let n be ((-1)/1 + 8)*1. Let w(i) = -3*i**3 - 14*i**2 - 15. Let d(r) = -2*r**3 - 7*r**2 - 8. Let y(x) = 5*d(x) - 3*w(x). Determine y(n).
5
Suppose 3*w + 5*n + 14 = 0, -4*w - 4*n = 9 - 1. Let l(g) = -g**2 + 3*g - 1. What is l(w)?
1
Let d be 6 + (-5 - -4 - -7). Let s(r) = r**2 - 12*r - 9. Determine s(d).
-9
Let k = -31 + 32. Let y = k + -3. Let j(f) = -2*f**3 - 2*f**2 + 2*f + 1. Determine j(y).
5
Let w be -5 + -1 + 4 - -10. Let d(p) = p**2 - 7*p + 15. Determine d(w).
23
Suppose 0 = -3*y + 10 - 91. Let v be y/(-6) + 1/2. Let l(z) be the second derivative of -z**3/6 + 7*z**2/2 - 3*z - 1. Determine l(v).
2
Let p be (-7)/((-28)/16) - -7. Let k(q) = -q + 23. Let c be k(p). Suppose -c*z = -11*z + 7. Let y(h) = -h - 1. Calculate y(z).
6
Let x(j) be the second derivative of -j**5/20 - 4*j**4/3 - 3*j**3 - 10*j**2 + 11*j. Let b be x(-15). Let p(u) = -52*u + 25*u + b*u. Calculate p(2).
-4
Let t(i) = -3*i**2 + 2*i + 4. Suppose 2*w + 6 = 0, 4*r = -r - 3*w + 36. Let n(d) = d**3 - 10*d**2 + 9*d + 3. Let l be n(r). Calculate t(l).
-17
Let y(x) = -12*x + 1. Let l(g) = -g + 18. Let h be l(16). Calculate y(h).
-23
Let f(h) be the second derivative of -2*h**3 + 0 + 3*h + 0*h**2 - 5/24*h**4 + 1/30*h**5. Let b(t) be the second derivative of f(t). Calculate b(5).
15
Let b(p) = -p**3 - 2*p**2 - 4*p - 2. Let u = -209 - -207. What is b(u)?
6
Let i = 2 - -1. Suppose i*s - 4 = 2. Let f(z) = -2*z**2 + z. Calculate f(s).
-6
Suppose 0 = -3*x + 5*a - 19, -3 = x + 13*a - 14*a. Let q be 1/(((-2)/(-4